2*v - f - 3, 5*f = -2*v - u. Give i(v).
-3
Suppose 0*o - 7*o = -14. Let l(n) be the first derivative of -1/4*n**4 + n**3 + 3 + 2*n**o - n. Determine l(4).
-1
Let n(v) be the first derivative of 7/2*v**2 - 6*v - 1/4*v**4 + 2*v**3 - 3. Give n(7).
-6
Let q(c) = -6*c**3 + 6*c**2. Let j(p) be the first derivative of -5*p**4/4 + 2*p**3 - 3. Let l(i) = 5*j(i) - 4*q(i). Give l(6).
0
Let x = 7 - 13. Let w = -5 - x. Suppose m = -5*f + w - 4, 6 = -2*m - 3*f. Let z(t) = -3*t - 2. Calculate z(m).
7
Let m(n) = -7*n**3 + 2 + 2*n**3 + 4*n**3 + 5*n**2. Calculate m(5).
2
Let i(s) = -s - 11. Let d(g) = -g - 11. Let n(a) = -3*d(a) + 4*i(a). Determine n(0).
-11
Let v = -311/120 - -21/8. Let m(b) be the third derivative of v*b**5 - 1/120*b**6 + 0 + 2/3*b**3 + 0*b - b**2 + 0*b**4. What is m(3)?
-5
Let j be 4 + 2*2/(-4). Suppose -j*w - u - 5 = -1, -2*w = -4*u + 12. Let q(z) = 4*z - 1. Let v(o) = 7*o - 2. Let g(d) = -5*q(d) + 3*v(d). What is g(w)?
-3
Let f = -5 + 19. Let x = f + -8. Let s(u) = 0 + 2*u**2 - x*u**2 + 5*u - 4 + u**3. Give s(3).
2
Suppose 10 = 3*z - 14. Let s = -17 + z. Let a be 24/s*9/6. Let r(l) = -l**2 - 4*l + 1. Calculate r(a).
1
Let b(r) be the first derivative of -r**4/4 + r**3/3 - r**2/2 - 20*r - 35. What is b(0)?
-20
Suppose -5*q - 18 = -2*q. Let w(l) = -l**2 - 6*l + 3. Determine w(q).
3
Let r = -22 - -18. Let u(l) = -3*l - 1. Calculate u(r).
11
Let h(f) = -f - 1 - 32*f**3 - f**2 + 69*f**3 - 28*f**3. Calculate h(-1).
-10
Let j be (-2)/(-5) - (-235)/(-25). Let w(d) = 3*d + 1. Let t(y) = y**2 + 13*y + 5. Let q(l) = j*w(l) + 2*t(l). Determine q(1).
2
Let h(q) = -2*q**3 + 0*q + 2 - 2*q**2 + 4*q - 2*q - q. Suppose 2*y - 4 = -0*n + 2*n, -3*n - 20 = 4*y. Determine h(y).
8
Let q(v) be the first derivative of 4/3*v**3 + 0*v**2 - 1/4*v**4 - 6 - 2*v. Determine q(3).
7
Let i = -2 + 7. Suppose 5*o + 2*k = i, 3*k + 10 + 11 = 2*o. Let y(c) = 3*c + 1. Determine y(o).
10
Suppose 3*q - 148 = -q. Suppose g = -z + 21, 0*z + z + 5*g = q. Let b(y) = -4 + z + y - 2. Calculate b(-5).
6
Let s(l) = l**3 + 6*l**2 - 2*l - 7. Let y be 2*(-9)/(-4)*-2. Let u = -15 - y. Give s(u).
5
Let f(m) be the first derivative of -m**6/120 + m**5/15 - m**4/24 - m**3/6 + m**2 + 1. Let k(b) be the second derivative of f(b). Calculate k(3).
5
Let a(h) = -2*h - 4*h - 6*h**2 - h**3 + h + h + 3. Let f(o) = o - 1. Let s(c) = -2*c**2 - 2*c. Let m be s(-2). Let w be f(m). Give a(w).
-2
Let n(v) = v**2 + 7*v + 7. Let q be n(-7). Let x(j) = -5*j**3 - 10*j - 8 + 3*j + 4*j**3 + 8*j**2. Calculate x(q).
-8
Suppose m - 25 = 4*r, -2*r + m + 5 = 4*m. Let h(j) be the second derivative of -7/2*j**2 - 1/3*j**3 + 0 - j. What is h(r)?
3
Let x(b) = 3*b**2 - 7*b + 9. Let a(l) = l**2 - 3*l + 4. Let f(u) = -5*a(u) + 2*x(u). Let r = 5 + -5. Give f(r).
-2
Suppose -2*n = w - 4*n - 13, -2 = w + n. Suppose 3*a = 2*z + 10, 2*z + a + 2*a - 14 = 0. Let q(l) = -w*l - z - 9*l**2 + 2*l + 0. Determine q(-1).
-9
Let b(v) = -v**2 + 3*v - 4. Let x be b(3). Let u(a) = a - 2. Determine u(x).
-6
Let u(h) = -h**2 - 2*h - 4. Let i be -4*(66/24 + -2). Calculate u(i).
-7
Let t(u) = 12 - 8*u**2 - 9 - 4. What is t(1)?
-9
Let o(q) = -11*q**2 - 19*q - 9. Let x(p) = 5*p**2 + 9*p + 4. Let b(w) = -6*o(w) - 13*x(w). Calculate b(2).
0
Suppose -2*j + d = -0*d - 9, j + 3 = -2*d. Suppose k + 1 = 5, 2*n + j*k - 2 = 0. Let l(w) = -2*w - 4. What is l(n)?
6
Let d(u) = -u**3 - u**2 + 1. Let x(p) = p**3 + p**2 - 7*p - 2. Let n be x(-3). Determine d(n).
-1
Let a(s) = -s. Let o be a(-2). Let d(p) = 2*p - 2. Let m(t) = t - 2. Let g(n) = 2*d(n) - 3*m(n). Determine g(o).
4
Let j(s) be the second derivative of -s**5/20 - 2*s**4/3 - 4*s**3/3 - 4*s**2 + 7*s. Give j(-7).
-1
Suppose -f + 4*d + 12 = 4, 3*d = -f - 20. Let o be (f/(-3))/((-2)/(-3)). Let s(u) = 2*u - 6. Give s(o).
2
Let p(m) = m**2 - 5*m + 2. Let t = 17 - 11. Determine p(t).
8
Let a(b) = b + 2. Let x be (-1)/((-1)/14*2). Suppose -3*q - x = 4*h - 0*q, 2*q + 12 = h. Suppose 0 = 3*s + h*s + 15. What is a(s)?
-1
Let u(r) be the third derivative of r**5/60 + r**4/6 + r**3/6 + r**2. Let z be u(-4). Let i(n) = -z - 2 - n + 6. What is i(3)?
0
Suppose 3*n - 15 = 2*n - 3*o, 0 = -3*n - 3*o + 27. Suppose -3*k - 4 = 4*v, -4*v + 0 - 8 = 4*k. Let w(a) = 2 + n*a - 1 + a**v + 1. Determine w(-4).
-6
Let v be ((-3)/(-6) - 2)*-2. Suppose n = -3*n + 3*s + 11, 5*s + 11 = v*n. Let w(t) = 3*t - 1. Calculate w(n).
5
Let z(w) = w**2 - 4. Let t = 9 - 6. Suppose t*i = -2*i. Suppose -6*s + 5*s = i. Calculate z(s).
-4
Let a = -7 - 6. Let l = a + 19. Let v(m) = -m**2 + 8*m - 9. Determine v(l).
3
Let o(w) = w**3 + w + 1. Let q(y) = -4*y**3 - 8*y**2 - 5*y - 14. Let d(c) = -3*o(c) - q(c). Determine d(-8).
-5
Let h(m) = -m**3 + 4*m**2 - 3. Let d(j) = j**2 + 5*j - 9. Let q be d(-7). Let l(o) = q*o - 1 + 2*o**3 + o**3 - 2*o**3 - 5*o**2. Let r be l(4). Calculate h(r).
6
Let y(u) = u**3 - 9*u**2 + u - 3. Suppose x + d - 22 = -x, 0 = 3*x - 5*d - 7. Calculate y(x).
6
Let n(v) = -2*v + 11. Let z(y) = -y + 6. Let m(d) = 4*n(d) - 7*z(d). Give m(-2).
4
Let h(d) = -2*d - 4. Let r(v) = v + 3. Let w be r(8). Let f = w - 6. Suppose -3*q - 3*z = 0, 0 = -0*q + 3*q - f*z + 40. What is h(q)?
6
Let b be (2/(-4))/((-1)/2). Let q(s) = -7*s**3 + 11*s**2 + 2*s - 24*s**2 + 12*s**2 - 1. Calculate q(b).
-7
Let k(a) = a + 5. Suppose f + 0 = -1. Let d = f - 1. Let t = d + -2. Determine k(t).
1
Let q be (-6)/12*(-6)/1. Let t(x) = 1 + 4*x**3 + 0*x**3 - 2 - q*x**3. What is t(-1)?
-2
Let o(l) = 3*l**3 + l**2 - 3*l + 1. Let k(u) = -10*u**3 - 2*u**2 + 10*u - 2. Let z(r) = 2*k(r) + 7*o(r). Give z(-4).
-9
Let b be 3/(-3)*(-3)/1. Suppose 4*f = b*f. Let j(r) be the first derivative of -r**3/3 - 2*r - 11. What is j(f)?
-2
Let t(p) = p + 1. Let v(w) = w**2 + 3*w + 1. Let x be v(-3). Calculate t(x).
2
Let a(v) be the second derivative of -v**4/3 - v**3/6 - 8*v. Suppose -4*s + 3*s = -4. Suppose 2*l + 5*h + 14 = -s, -5*h = -l + 21. Determine a(l).
-5
Let y(j) = -3*j + 1. Let k(o) = -10*o + 4. Let q(a) = -2*k(a) + 7*y(a). Suppose 2*i + 14 = 5*x - 9*x, 0 = -2*x - 6. Give q(i).
0
Let f be 32/14 - 14/49. Let y(v) be the first derivative of 2*v**f + 1/4*v**4 - 3 - 2*v**3 + 4*v. Determine y(5).
-1
Let n(t) = 2*t - 2. Let x(b) = b - 2. Let l(i) = -3*n(i) + 4*x(i). Let d(v) = v + 6. Let r = -7 + -1. Let s be d(r). Determine l(s).
2
Let l(s) = 1. Let y(b) = -4*b + 5. Suppose -2*o + 352 = -6*o. Let c be 6/(-21) - o/14. Let t(x) = c*l(x) - y(x). Determine t(1).
5
Let w(o) = -o**2 + 70*o - 1 - 40*o - 36*o. What is w(-5)?
4
Suppose -7*o + 16 = -12. Let m(n) = -n**2 + 6*n - 3. Give m(o).
5
Let d(w) = 0*w + 5*w**2 + 2 - w - 3*w - w**3. Let s be d(4). Let p(i) = -s*i - 3*i - 1 + 3*i. Determine p(4).
-9
Let d = 7 + -2. Let k(n) = -3 - 5 + n - 2 + 3. Calculate k(d).
-2
Suppose 0 = 5*t - p - 37, 0*t - 3*t = 3*p - 15. Let r(a) = -a + 8. Determine r(t).
1
Suppose -b + 2*b - 9 = i, 4*b + 4*i - 20 = 0. Suppose 0 = 5*u + 3*a + 2*a + 15, 0 = -u + a + b. Suppose -u = 5*k - 27. Let m(q) = q**2 - 5*q + 7. What is m(k)?
7
Let x(p) = p**3 + 5*p**2 - 5*p + 7. Let w be x(-6). Let y(v) = 4*v - 2. Let k be y(w). Let z(u) = -u**2 + 1. Give z(k).
-3
Suppose 5*i + 3*q = 6, -2*i = -q + 1 + 1. Let y(f) = -5*f + 3*f + 0*f - 1 + i*f**2 + f**2. What is y(4)?
7
Let d(a) = -1 + 2 + 562*a + 5*a**2 - 562*a. Give d(1).
6
Let c(z) = z + 22*z**2 - z - 4*z - 23*z**2 - 2. Determine c(-3).
1
Let n(y) = -y**2 - 5*y + 7. Let l be (-48)/6 + 3/1. Calculate n(l).
7
Let g(w) = -w**3 + 5*w**2 - 4*w - 1. Suppose -4 = -4*b - 4*v - 16, 4*v + 17 = -5*b. Let p = b + 1. Let j = p - -8. What is g(j)?
-1
Let t(z) = -1. Let f(m) = 5*m + 1 + 7 - 2*m - 2. Let d(c) = f(c) + 4*t(c). What is d(-2)?
-4
Let s(g) be the second derivative of g**4/6 - g**3/6 + g**2/2 + 19*g. Calculate s(-3).
22
Let t(p) = p**3 + 2*p**2 + 5 - 1 - 6*p + 2*p**2. Suppose 0 = 7*r - 2*r + 25. Calculate t(r).
9
Let g(j) = 6*j. Suppose 0 = -4*r + 8*r - 8. Let z be 1*-2 + -1 + r. Give g(z).
-6
Let p = 49 - 50. Let j(g) = -19*g**3 + 3*g**2 + 7*g + 2. Let b(f) = -29*f**3 + 5*f**2 + 11*f + 3. Let a(h) = -5*b(h) + 8*j(h). What is a(p)?
6
Let r(b) = b**3 + 6*b**2 + 6*b + 6. Let o be r(-5). Let g(h) = -13*h**2 + 2*h - 1. Let s(y) = -27*y**2 + 4*y - 2. Let i(m) = -9*g(m) + 4*s(m). Calculate i(o).
8
Let d(l) = l + 6. Suppose 0 = -4*k + 2*m - 24, 3*k + 17 = -3*m + 4*m. Determine d(k).
